{"id":923,"date":"2018-09-24T13:46:54","date_gmt":"2018-09-24T16:46:54","guid":{"rendered":"https:\/\/institutoemignone-bue.infd.edu.ar\/sitio\/?page_id=923"},"modified":"2026-02-19T10:02:05","modified_gmt":"2026-02-19T13:02:05","slug":"tecnicatura-superior-en-diseno-y-produccion-de-indumentaria","status":"publish","type":"page","link":"https:\/\/institutoemignone-bue.infd.edu.ar\/sitio\/tecnicatura-superior-en-diseno-y-produccion-de-indumentaria\/","title":{"rendered":"Tecnicatura Superior en Dise\u00f1o y Producci\u00f3n de Indumentaria"},"content":{"rendered":"<p><img decoding=\"async\" loading=\"lazy\" class=\"alignnone size-medium wp-image-1943\" src=\"https:\/\/institutoemignone-bue.infd.edu.ar\/sitio\/wp-content\/uploads\/2023\/09\/IMG_0323-1000x750.jpg\" alt=\"\" width=\"1000\" height=\"750\" srcset=\"https:\/\/institutoemignone-bue.infd.edu.ar\/sitio\/wp-content\/uploads\/2023\/09\/IMG_0323-1000x750.jpg 1000w, https:\/\/institutoemignone-bue.infd.edu.ar\/sitio\/wp-content\/uploads\/2023\/09\/IMG_0323-1900x1425.jpg 1900w, https:\/\/institutoemignone-bue.infd.edu.ar\/sitio\/wp-content\/uploads\/2023\/09\/IMG_0323-768x576.jpg 768w, https:\/\/institutoemignone-bue.infd.edu.ar\/sitio\/wp-content\/uploads\/2023\/09\/IMG_0323-1536x1152.jpg 1536w, https:\/\/institutoemignone-bue.infd.edu.ar\/sitio\/wp-content\/uploads\/2023\/09\/IMG_0323-2048x1536.jpg 2048w\" sizes=\"(max-width: 1000px) 100vw, 1000px\" \/><\/p>\n<p>El dise\u00f1ador de indumentaria es competente para dar respuesta al dise\u00f1o, la planificaci\u00f3n de la producci\u00f3n y la selecci\u00f3n de los materiales en la producci\u00f3n de indumentaria. Eval\u00faa la calidad y la actitud de la indumentaria espec\u00edfica seg\u00fan el destino y de su proceso de producci\u00f3n, domina los aspectos te\u00f3ricos y la ejecuci\u00f3n pr\u00e1ctica del proceso de dise\u00f1o y producci\u00f3n de indumentaria, interactuando las expresiones est\u00e9ticas y funcionalidades con la t\u00e9cnica y la econom\u00eda. Propone respuestas a las necesidades espec\u00edficas de un usuario cliente prestando atenci\u00f3n suficiente a las problem\u00e1ticas regionales aceptando el desaf\u00edo que significa responder tanto a nuestras pautas socioculturales econ\u00f3micas tecnol\u00f3gicas y clim\u00e1ticas como una posible inserci\u00f3n global<\/p>\n<p><span style=\"color: #000080;\"><strong><span style=\"font-family: verdana, geneva; font-size: 10pt;\">CARRERA: <\/span><\/strong><\/span>TECNICATURA SUPERIOR EN DISE\u00d1O Y PRODUCCI\u00d3N DE\u00a0 INDUMENTARIA<\/p>\n<p><span style=\"color: #003300;\"><strong><span style=\"font-family: verdana, geneva; font-size: 10pt;\"><span style=\"color: #000080;\">T\u00cdTULO<\/span>: <\/span><\/strong><\/span>T\u00c9CNICO SUPERIOR EN DISE\u00d1O Y PRODUCCI\u00d3N DE\u00a0 INDUMENTARIA<\/p>\n<p><span style=\"font-family: verdana, geneva; font-size: 10pt;\"><strong><span style=\"color: #000080;\">NIVEL<\/span>:<\/strong> SUPERIOR<\/span><\/p>\n<p><span style=\"font-family: verdana, geneva; font-size: 10pt;\"><strong><span style=\"color: #000080;\">MODALIDAD<\/span>:<\/strong> Presencial<\/span><\/p>\n<p><span style=\"font-family: verdana, geneva; font-size: 10pt;\"><span style=\"color: #000080;\"><strong>DURACI\u00d3N<\/strong><\/span>: 3 a\u00f1os<\/span><\/p>\n<p><span style=\"font-family: verdana, geneva; font-size: 10pt;\"><span style=\"color: #000080;\"><strong>CANTIDAD DE HORAS:<\/strong> <\/span>1600 horas.<\/span><\/p>\n<p><span style=\"font-family: verdana, geneva; font-size: 10pt;\"><span style=\"color: #000080;\"><strong>RESOLUCI\u00d3N<\/strong> <\/span>N\u00ba 6195\/25<\/span><\/p>\n<p><span style=\"font-family: verdana, geneva; font-size: 10pt;\"><span style=\"color: #000080;\"><strong>MODALIDAD DE CURSADA DE 1er A\u00d1O<\/strong><\/span>: lunes a\u00a0 viernes de 8 a 12 hs.\u00a0<\/span><\/p>\n<p><span style=\"color: #000080;\"><strong><span style=\"font-family: verdana, geneva; font-size: 10pt;\">M\u00e1s Informaci\u00f3n<\/span><\/strong><\/span><\/p>\n<ul>\n<li><span style=\"font-family: verdana, geneva; font-size: 10pt;\">Objetivos y Perfil del Egresado<\/span><\/li>\n<li><span style=\"font-family: verdana, geneva; font-size: 10pt;\">Estructura Curricular y\u00a0<\/span><a href=\"https:\/\/drive.google.com\/file\/d\/1nD-UL8UR8f91rHNuY0b5Mc2FfCienes1\/view?usp=sharing\"><span style=\"font-family: verdana, geneva; font-size: 10pt;\">Resoluci\u00f3n<\/span><\/a><\/li>\n<\/ul>\n","protected":false},"excerpt":{"rendered":"<p>El dise\u00f1ador de indumentaria es competente para dar respuesta al dise\u00f1o, la planificaci\u00f3n de la producci\u00f3n y la selecci\u00f3n de los materiales en la producci\u00f3n de indumentaria. Eval\u00faa la calidad y la actitud de la indumentaria espec\u00edfica seg\u00fan el destino y de su proceso de producci\u00f3n, domina los aspectos te\u00f3ricos y la ejecuci\u00f3n pr\u00e1ctica del &#8230; <a title=\"Tecnicatura Superior en Dise\u00f1o y Producci\u00f3n de Indumentaria\" class=\"read-more\" href=\"https:\/\/institutoemignone-bue.infd.edu.ar\/sitio\/tecnicatura-superior-en-diseno-y-produccion-de-indumentaria\/\" aria-label=\"More on Tecnicatura Superior en Dise\u00f1o y Producci\u00f3n de Indumentaria\">[+]<\/a><\/p>\n","protected":false},"author":1413,"featured_media":0,"parent":0,"menu_order":0,"comment_status":"closed","ping_status":"closed","template":"","meta":[],"acf":[],"_links":{"self":[{"href":"https:\/\/institutoemignone-bue.infd.edu.ar\/sitio\/wp-json\/wp\/v2\/pages\/923"}],"collection":[{"href":"https:\/\/institutoemignone-bue.infd.edu.ar\/sitio\/wp-json\/wp\/v2\/pages"}],"about":[{"href":"https:\/\/institutoemignone-bue.infd.edu.ar\/sitio\/wp-json\/wp\/v2\/types\/page"}],"author":[{"embeddable":true,"href":"https:\/\/institutoemignone-bue.infd.edu.ar\/sitio\/wp-json\/wp\/v2\/users\/1413"}],"replies":[{"embeddable":true,"href":"https:\/\/institutoemignone-bue.infd.edu.ar\/sitio\/wp-json\/wp\/v2\/comments?post=923"}],"version-history":[{"count":16,"href":"https:\/\/institutoemignone-bue.infd.edu.ar\/sitio\/wp-json\/wp\/v2\/pages\/923\/revisions"}],"predecessor-version":[{"id":2388,"href":"https:\/\/institutoemignone-bue.infd.edu.ar\/sitio\/wp-json\/wp\/v2\/pages\/923\/revisions\/2388"}],"wp:attachment":[{"href":"https:\/\/institutoemignone-bue.infd.edu.ar\/sitio\/wp-json\/wp\/v2\/media?parent=923"}],"curies":[{"name":"wp","href":"https:\/\/api.w.org\/{rel}","templated":true}]}}